base 10) to base 2
11111101
What is -2 (base 3) in base 8?
-2
What is -13 (base 4) in base 3?
-21
What is 4 (base 12) in base 14?
4
What is 53 (base 8) in base 15?
2d
1000 (base 2) to base 6
12
What is -3 (base 9) in base 7?
-3
What is -1101 (base 2) in base 13?
-10
Convert 21 (base 13) to base 15.
1c
0 (base 6) to base 16
0
What is -253 (base 8) in base 5?
-1141
8 (base 9) to base 4
20
Convert 37 (base 8) to base 2.
11111
What is 110110 (base 2) in base 13?
42
What is -32 (base 11) in base 8?
-43
What is 2 (base 13) in base 12?
2
1000 (base 6) to base 3
22000
0 (base 4) to base 9
0
2 (base 12) to base 7
2
-21 (base 8) to base 14
-13
6 (base 12) to base 7
6
Convert 6 (base 7) to base 11.
6
Convert 11 (base 9) to base 15.
a
Convert -66 (base 8) to base 3.
-2000
-234 (base 5) to base 13
-54
What is 4 (base 16) in base 8?
4
Convert 23 (base 4) to base 3.
102
What is 14 (base 6) in base 3?
101
1 (base 4) to base 16
1
21 (base 15) to base 3
1011
What is a (base 16) in base 13?
a
What is -22 (base 5) in base 8?
-14
Convert 5 (base 6) to base 3.
12
What is -3a (base 13) in base 7?
-100
1110100 (base 2) to base 9
138
-22 (base 7) to base 13
-13
What is 186 (base 10) in base 9?
226
110010111 (base 2) to base 15
1c2
-177 (base 12) to base 15
-10a
Convert 122 (base 16) to base 7.
563
What is 1122 (base 3) in base 5?
134
Convert 33 (base 7) to base 2.
11000
What is -1 (base 9) in base 10?
-1
Convert -11 (base 4) to base 15.
-5
-c (base 16) to base 10
-12
What is 8 (base 9) in base 6?
12
What is -11 (base 6) in base 7?
-10
Convert -40 (base 6) to base 16.
-18
What is -22 (base 4) in base 5?
-20
What is -9 (base 14) in base 16?
-9
-5 (base 14) to base 9
-5
Convert 2 (base 14) to base 13.
2
What is 22 (base 13) in base 11?
26
-3 (base 16) to base 14
-3
Convert 6 (base 8) to base 11.
6
Convert 2 (base 10) to base 2.
10
Convert -20 (base 3) to base 15.
-6
157 (base 15) to base 4
10303
Convert 6 (base 10) to base 7.
6
-a (base 13) to base 4
-22
What is 111 (base 2) in base 7?
10
What is -133 (base 5) in base 2?
-101011
a (base 15) to base 7
13
What is -167 (base 11) in base 12?
-142
Convert 2 (base 9) to base 10.
2
Convert 0 (base 13) to base 8.
0
-311 (base 4) to base 5
-203
-21 (base 5) to base 7
-14
-75 (base 9) to base 8
-104
-11011 (base 3) to base 5
-422
-4 (base 15) to base 4
-10
What is 3 (base 11) in base 8?
3
What is c8 (base 15) in base 4?
2330
-40 (base 6) to base 9
-26
What is -47 (base 11) in base 7?
-102
Convert 403 (base 5) to base 9.
124
-1041 (base 6) to base 8
-361
Convert 213 (base 12) to base 8.
457
-5 (base 8) to base 3
-12
Convert 10110 (base 2) to base 16.
16
-1 (base 6) to base 9
-1
What is -4 (base 10) in base 4?
-10
Convert 9 (base 15) to base 14.
9
Convert -1 (base 6) to base 13.
-1
Convert 0 (base 16) to base 11.
0
What is 167 (base 13) in base 11?
211
Convert 5 (base 7) to base 13.
5
What is -1 (base 13) in base 14?
-1
Convert -112 (base 3) to base 13.
-11
What is 21 (base 6) in base 10?
13
Convert 13 (base 11) to base 14.
10
What is 61 (base 9) in base 7?
106
Convert 0 (base 2) to base 16.
0
What is 0 (base 10) in base 16?
0
What is -3 (base 10) in base 14?
-3
What is -3 (base 11) in base 3?
-10
Convert -10 (base 3) to base 8.
-3
-5 (base 12) to base 2
-101
30 (base 6) to base 11
17
Convert 14 (base 5) to base 12.
9
Convert -1010101 (base 2) to base 14.
-61
What is -b (base 16) in base 2?
-1011
2 (base 16) to base 11
2
What is 5 (base 11) in base 9?
5
What is 100 (base 13) in base 5?
1134
Convert -3 (base 16) to base 11.
-3
-7 (base 14) to base 16
-7
What is -3 (base 11) in base 13?
-3
Convert -40 (base 9) to base 7.
-51
Convert -323 (base 4) to base 16.
-3b
What is 1 (base 15) in base 4?
1
What is 101 (base 2) in base 9?
5
44 (base 15) to base 4
1000
What is -25 (base 13) in base 7?
-43
Convert 101111 (base 2) to base 12.
3b
What is -130 (base 4) in base 8?
-34
Convert 3 (base 10) to base 5.
3
-148 (base 12) to base 4
-3020
Convert 11 (base 5) to base 15.
6
What is 15 (base 10) in base 4?
33
Convert 104 (base 7) to base 3.
1222
What is 72 (base 11) in base 6?
211
What is 1 (base 3) in base 5?
1
What is 0 (base 5) in base 4?
0
10 (base 4) to base 11
4
What is -1412 (base 5) in base 11?
-1a1
What is -1 (base 9) in base 15?
-1
Convert 14 (base 16) to base 13.
17
-1a1 (base 12) to base 8
-411
Convert 262 (base 7) to base 9.
167
-1 (base 7) to base 6
-1
What is -206 (base 7) in base 16?
-68
Convert 11 (base 6) to base 16.
7
Convert bc (base 13) to base 6.
415
Convert -25 (base 9) to base 12.
-1b
Convert 312 (base 5) to base 13.
64
Convert -104 (base 14) to base 8.
-310
Convert 0 (base 7) to base 9.
0
1 (base 11) to base 10
1
What is 401 (base 9) in base 5?
2300
75 (base 13) to base 16
60
11 (base 2) to base 14
3
Convert 10 (base 5) to base 8.
5
Convert -1120 (base 3) to base 9.
-46
13 (base 8) to base 3
102
Convert 231 (base 4) to base 8.
55
-1 (base 7) to base 10
-1
What is 9 (base 15) in base 9?
10
-33 (base 9) to base 12
-26
Convert -14 (base 6) to base 15.
-a
Convert -199 (base 13) to base 11.
-249
What is -40 (base 10) in base 8?
-50
What is -8 (base 13) in base 8?
-10
What is 7 (base 15) in base 12?
7
-5 (base 7) to base 2
-101
Convert 23 (base 4) to base 2.
1011
36 (base 8) to base 15
20
22 (base 3) to base 12
8
4 (base 7) to base 2
100
-1 (base 13) to base 11
-1
Convert 3 (base 8) to base 3.
10
Convert -5 (base 16) to base 6.
-5
531 (base 7) to base 5
2032
What is 0 (base 13) in base 10?
0
What is -2 (base 10) in base 12?
-2
5 (base 9) to base 11
5
What is 20 (base 9) in base 11?
17
Convert 2 (base 11) to base 10.
2
What is b (base 15) in base 4?
23
What is 100 (base 2) in base 9?
4
What is 1 (base 12) in base 7?
1
23 (base 4) to base 6
15
What is 53 (base 10) in base 11?
49
-1200 (base 4) to base 13
-75
What is -2 (base 11) in base 10?
-2
Convert -230 (base 6) to base 14.
-66
Convert 2 (base 6) to base 3.
2
-17 (base 16) to base 3
-212
-44 (base 10) to base 7
-62
What is -1a (base 15) in base 4?
-121
-10 (base 4) to base 7
-4
-5 (base 6) to base 15
-5
-37 (base 14) to base 13
-3a
Convert 35 (base 13) to base 7.
62
Convert -12101 (base 3) to base 13.
-b2
Convert 1 (base 2) to base 5.
1
2 (base 16) to base 5
2
159 (base 10) to base 5
1114
Convert 123 (base 7) to base 4.
1002
What is -9 (base 13) in base 7?
-12
Convert -28 (base 12) to base 9.
-35
4 (base 7) to base 3
11
What is -111 (base 3) in base 15?
-d
Convert -1 (base 6) to base 5.
-1
What is -1 (base 3) in base 15?
-1
Convert -58 (base 15) to base 11.
-76
Convert 2d (base 14) to base 3.
1112
48 (base 9) to base 14
32
Convert 1 (base 16) to base 8.
1
17 (base 15) to base 9
24
What is 1 (base 3) in base 12?
1
What is -1024 (base 5) in base 8?
-213
What is 80 (base 16) in base 5?
1003
0 (base 15) to base 7
0
Convert 43 (base 7) to base 11.
29
4 (base 12) to base 4
10
-19 (base 10) to base 4
-103
-35 (base 10) to base 4
-203
-10 (base 3) to base 10
-3
What is 122 (base 3) in base 2?
10001
What is -11110 (base 2) in base 6?
-50
-16 (base 14) to base 3
-202
-1 (base 7) to base 5
-1
10 (base 14) to base 15
e
Convert -43 (base 8) to base 7.
-50
-1 (base 10) to base 12
-1
1 (base 4) to base 15
1
What is -2 (base 10) in base 11?
-2
Convert -4 (base 10) to base 3.
-11
What is 3 (base 10) in base 15?
3
What is 2 (base 8) in base 12?
2
Convert 12 (base 15) to base 11.
16
What is -1e (base 15) in base 14?
-21
What is -6 (base 9) in base 13?
-6
What is 25 (base 11) in base 16?
1b
What is 12 (base 7) in base 10?
9
Convert -11 (base 4) to base 2.
-101
What is 23 (base 11) in base 10?
25
120 (base 3) to base 2
1111
1f (base 16) to base 15
21
Convert -2 (base 12) to base 2.
-10
-1 (base 6) to base 4
-1
Convert -101 (base 3) to base 6.
-14
Convert 240 (base 7) to base 11.
105
Convert -21 (base 3) to base 14.
-7
What is -2 (base 9) in base 8?
-2
Convert -16 (base 15) to base 6.
-33
What is -4 (base 13) in base 3?
-11
-11b (base 15) to base 8
-373
What is 58 (base 12) in base 8?
104
What is -12 (base 14) in base 7?
-22
Convert -11000 (base 2) to base 7.
-33
Convert -61 (base 9) to base 3.
-2001
What is -133 (base 14) in base 13?
-157
What is 1 (base 12) in base 2?
1
230 (base 8) to base 2
10011000
Convert 1 (base 8) to base 11.
1
What is 6 (base 11) in base 15?
6
What is -7 (base 13) in b